
Let k(x) = -x**2 + 36987*x - 7979084. Give k(217).
6
Let t(z) = -6*z**3 + 46*z**2 - 177*z + 1081. What is t(6)?
379
Let r(f) = 35*f**2 + 834*f + 5057. Calculate r(-6).
1313
Let b(l) = l**3 - 11*l**2 + 3142*l - 31309. Calculate b(10).
11
Let b(a) = -510*a**2 - 88740*a + 7. What is b(-174)?
7
Let x(w) = w**2 - 152*w + 237. What is x(143)?
-1050
Let r(q) = -114*q - 16954. Give r(-146).
-310
Let i(l) = 5*l**2 - 8900*l - 80139. Calculate i(-9).
366
Let p(i) = 44549*i - 311849. Determine p(7).
-6
Let c(g) = -g**3 + 2*g**2 - 217567*g + 870274. Give c(4).
-26
Let d(y) = 48048*y + 96107. Determine d(-2).
11
Let c(h) = -3*h**3 - 172*h**2 + 138*h + 837. What is c(-58)?
-439
Let a(x) = x**3 - 28*x**2 - 495*x + 587. Give a(40).
-13
Let z(t) = 518*t + 2752. What is z(-4)?
680
Let h(v) = 49*v**2 - 3866*v - 393. Determine h(79).
2
Let k(u) = 138018*u + 138005. Determine k(-1).
-13
Let q(h) = -14*h + 1791. What is q(75)?
741
Let m(h) = 5*h**2 + 1895*h - 21120. What is m(11)?
330
Let b(k) = -186*k + 17486. Determine b(94).
2
Let o(n) = -2*n**2 - 873*n + 5218. What is o(6)?
-92
Let a(l) = 337*l**2 - 3994*l - 413. Calculate a(12).
187
Let w(y) = 60*y**2 - 15934*y + 93482. Give w(6).
38
Let q(z) = -1182*z + 106381. Calculate q(90).
1
Let m(a) = -a**3 + 12*a**2 + 54*a + 5615. Give m(24).
-1
Let y(d) = d**3 - 22*d**2 - 9*d + 161. Determine y(22).
-37
Let f(l) = l**3 - 26*l**2 + 106*l - 2093. What is f(24)?
-701
Let v(d) = 12427*d + 50114. Determine v(-4).
406
Let o(l) = 5*l**3 - 2760*l**2 - 115*l + 63475. What is o(552)?
-5
Let n(h) = -6*h**3 + 6*h**2 - 197*h - 1075. Determine n(-5).
810
Let q(w) = -w**3 + 45*w**2 + 1612*w - 46379. Calculate q(59).
-5
Let r(v) = -33*v**2 + 2278*v + 4674. What is r(71)?
59
Let x(c) = c**3 - 5*c**2 - 236*c - 625. Determine x(-3).
11
Let i(o) = 126*o**2 - 85584*o + 20364. Determine i(679).
-6
Let v(b) = 13*b**2 - 250*b + 2541. Calculate v(10).
1341
Let h(r) = r**3 + 16*r**2 + 603*r + 10233. What is h(-17)?
-307
Let s(w) = 521*w**3 + 3649*w**2 - 5*w - 125. Determine s(-7).
8
Let y(b) = -3*b**3 - 108*b**2 - 501*b - 1123. Calculate y(-31).
-7
Let p(c) = -3*c**2 - 195*c + 25620. Give p(66).
-318
Let o(m) = -m**3 - 6*m**2 - 1661*m - 21724. Give o(-13).
1052
Let z(b) = 48*b + 7085. Calculate z(-109).
1853
Let g(d) = -5961*d - 7087612. What is g(-1189)?
17
Let w(o) = 3*o**3 - 18*o**2 + 125*o - 1032. Give w(7).
-10
Let g(a) = 4289*a - 887933. Give g(207).
-110
Let r(a) = -193*a**2 - 2747*a + 73. Give r(-14).
703
Let g(y) = -y**2 + 2561*y - 217764. Give g(88).
-140
Let y(h) = 2*h**3 + 1621*h**2 - 4832*h - 169. Calculate y(3).
-22
Let w(u) = -7*u**2 + 1121*u + 5736. Calculate w(165).
126
Let l(i) = -9*i**2 - 4638*i + 920291. Give l(153).
-4
Let z(h) = 17*h - 1965. Calculate z(67).
-826
Let o(b) = b**3 - 114*b**2 + 543*b - 11212. Determine o(110).
118
Let n(o) = -o**2 + 133*o - 4124. Give n(81).
88
Let u(p) = 2694*p + 412208. Calculate u(-153).
26
Let m(w) = -w**2 - 310*w - 8788. Calculate m(-31).
-139
Let v(w) = 1126*w - 124915. Calculate v(111).
71
Let t(h) = 7037*h + 42311. Calculate t(-6).
89
Let r(f) = f**2 + 6204*f + 154502. Determine r(-25).
27
Let d(b) = -42*b + 685. Determine d(29).
-533
Let m(b) = 150*b - 38097. Calculate m(253).
-147
Let l(w) = 23440*w + 820405. Give l(-35).
5
Let n(c) = -5*c**2 - 2568*c + 10178. What is n(4)?
-174
Let m(u) = -14*u**3 + 22*u**2 - 5*u + 11. Give m(3).
-184
Let c(x) = 5*x**2 - 344*x - 151. Calculate c(64).
-1687
Let y(g) = -2307*g - 4914. Determine y(-2).
-300
Let q(w) = -35777*w + 393509. What is q(11)?
-38
Let h(z) = -344*z + 15623. Give h(47).
-545
Let r(m) = -214142*m - 1927284. Calculate r(-9).
-6
Let f(a) = -26*a**2 - 2099*a - 4202. Give f(-2).
-108
Let n(b) = -b**2 - 14082*b + 239690. Determine n(17).
7
Let c(t) = -5*t**2 + 1860*t + 35099. What is c(-18)?
-1
Let y(f) = -f**3 - 45*f**2 - 61*f - 2304. Calculate y(-45).
441
Let r(a) = 4*a**2 - 2432*a + 37882. Give r(592).
-6
Let g(y) = 4*y**2 - 189*y + 1437. Determine g(9).
60
Let i(p) = -7*p**2 + 164409*p + 822072. Give i(-5).
-148
Let c(f) = -7904*f + 87022. What is c(11)?
78
Let a(x) = 4*x**2 + 135*x + 336. What is a(-9)?
-555
Let v(h) = h**2 + 55*h - 3288. Give v(40).
512
Let o(x) = x**3 - 82*x**2 + 792*x + 171. Give o(71).
952
Let o(j) = 16493*j + 214402. What is o(-13)?
-7
Let l(b) = -4*b**2 - 12762*b + 25521. Calculate l(2).
-19
Let c(d) = -1460*d**2 + 5*d - 10. What is c(1)?
-1465
Let f(x) = -12448*x + 62254. Determine f(5).
14
Let j(w) = 27952*w - 754711. Give j(27).
-7
Let g(u) = 8887*u + 35553. Determine g(-4).
5
Let c(x) = 151*x + 464. Give c(-5).
-291
Let f(o) = -3*o**3 + 637*o**2 + 3828*o + 20. Determine f(-6).
632
Let c(f) = 13473*f + 54429. Determine c(-4).
537
Let m(x) = -10446*x + 1295194. Determine m(124).
-110
Let l(a) = -4*a**3 + 695*a**2 - 524*a + 822. Calculate l(173).
-43
Let p(a) = a**2 + 8926*a + 240281. What is p(-27)?
8
Let x(h) = -9*h**2 + 2232*h - 58874. What is x(30)?
-14
Let d(l) = -185*l - 27966. Calculate d(-150).
-216
Let a(w) = 204984*w - 6354494. Determine a(31).
10
Let s(d) = 2*d**3 + 297*d**2 + 855*d + 149597. Determine s(-149).
1
Let u(q) = -q**2 + 87463*q + 1662139. Calculate u(-19).
-19
Let m(o) = -4*o**2 + 42751*o - 1193885. Calculate m(28).
7
Let m(d) = -3*d**3 + 54*d**2 + 182*d + 83. Determine m(21).
-64
Let o(f) = -2*f**3 - 41*f**2 + 146*f + 2354. Calculate o(-22).
594
Let y(c) = 157833*c + 13100137. Determine y(-83).
-2
Let v(a) = a**2 + 682*a - 56917. Give v(76).
691
Let j(t) = t**3 - 16*t**2 + 212*t - 1761. What is j(8)?
-577
Let f(i) = -i**3 - 6263*i**2 - 664743*i - 321. Calculate f(-108).
3
Let l(a) = 4969*a - 39754. Calculate l(8).
-2
Let m(l) = -176*l**2 - 4962*l - 807. Give m(-28).
145
Let v(j) = -7*j**3 + 164*j**2 - 951*j + 19. Calculate v(10).
-91
Let t(a) = -25*a**2 + 746*a + 135. Determine t(30).
15
Let w(m) = -m**2 - 112*m - 224. What is w(-110)?
-4
Let p(t) = -t**3 + 11*t**2 - 10*t - 162. Determine p(14).
-890
Let a(w) = 2823*w + 30949. Calculate a(-11).
-104
Let n(g) = g**3 + 32*g**2 - 10979*g - 318. What is n(90)?
-228
Let h(t) = -t**2 + 47*t + 153984. Calculate h(-369).
480
Let r(m) = 57*m**2 - 613*m + 68. What is r(10)?
-362
Let j(p) = -6*p**3 - 38*p**2 - 335*p - 1939. Calculate j(-6).
-1
Let l(y) = -88509*y + 619558. Give l(7).
-5
Let p(m) = -m**3 + 76*m**2 + 45*m - 2743. Give p(76).
677
Let h(c) = 2*c**2 - 458300*c - 1374871. Determine h(-3).
47
Let o(k) = -181*k + 8915. Give o(52).
-497
Let i(k) = -28*k**2 + 413*k - 212. What is i(14)?
82
Let g(k) = 139*k**2 - 4312*k + 76. Give g(31).
-17
Let z(i) = 1728*i - 76079. Calculate z(44).
-47
Let v(q) = -1447*q**2 - 31854*q - 403. Give v(-22).
37
Let h(o) = -3851*o + 42446. Give h(11).
85
Let v(p) = -882*p - 362510. Calculate v(-411).
-8
Let n(j) = 71*j**2 - 208*j - 24. Determine n(3).
-9
Let l(w) = -w**3 + 24*w**2 + 100*w + 160. Calculate l(28).
-176
Let x(t) = -t**3 + 53*t**2 + 755*t - 26. Determine x(-10).
-1276
Let i(m) = -34*m**2 + 9475*m + 91307. What is i(288)?
11
Let j(k) = 8*k**3 - 41*k**2 - 1133*k + 5674. What is j(5)?
-16
Let q(o) = 413182*o + 413182. Give q(-1).
0
Let n(i) = 24703*i - 73419. Give n(3).
690
Let j(b) = 1668*b - 7350. Determine j(4).
-678
Let z(r) = 1620*r - 24362. Give z(15).
-62
Let w(g) = 3*g**2 - 86*g + 522. What is w(19)?
-29
Let k(c) = -12841*c + 3325811. Give k(259).
-8
Let p(c) = 852*c - 42966. What is p(52)?
1338
Let d(y) = y**3 + 88*y**2 - 567*y - 281. Give d(-94).
1
Let m(w) = 62011*w - 61930. Calculate m(1).
81
Let h(a) = -2*a**3 - 202*a**2 - 208*a - 790. Give h(-100).
10
Let j(r) = 3*r**3 - 5*r**2 + 36*r - 43. Give j(7).
993
Let l(u) = -u**2 + 39*u + 4519. Give l(-51).
-71
Let i(j) = 2*j**3 + 45*j**2 - 1616*j - 13. Give i(19).
-754
Let u(s) = 2*s**3 + 115*s**2 - 62*s - 55. What is u(-58)?
177
Let z(w) = w**2 - 3072*w - 265085. Give z(-84).
19
Let s(v) = -2431*v + 104686. What is s(43)?
153
Let l(i) = 2*i**2 - 583*i - 69170. Give l(382).
-28
Let l(n) = -5300*n - 169636. Give l(-32).
-36
Let j(l) = 1496*l + 10459. Give j(-7).
-13
Let g(a) = -4*a**2 + 391*a + 8054. Calculate g(-18).
-280
Let l(k) = k**2 + 1882*k + 37703. Determine l(-20).
463
Let d(f) = 13*f**3 + 1877*f**2 + 721*f + 139. What is d(-144)?
-5
Let t(q) = 4*q**2 + 1101*q + 8814. Determine t(-267).
3
Let k(f) = -111242*f - 222469. Give k(